{"id":2,"date":"2020-10-05T21:22:19","date_gmt":"2020-10-05T21:22:19","guid":{"rendered":"http:\/\/rbrimport.com\/site\/?page_id=2"},"modified":"2024-05-14T18:56:03","modified_gmt":"2024-05-14T18:56:03","slug":"sample-page","status":"publish","type":"page","link":"http:\/\/rbrimport.com\/site\/","title":{"rendered":""},"content":{"rendered":"\n<figure class=\"wp-block-image aligncenter size-full\"><img loading=\"lazy\" decoding=\"async\" width=\"500\" height=\"291\" src=\"https:\/\/rbrimport.com\/site\/wp-content\/uploads\/2024\/05\/logo.jpeg\" alt=\"\" class=\"wp-image-233\" srcset=\"https:\/\/rbrimport.com\/site\/wp-content\/uploads\/2024\/05\/logo.jpeg 500w, https:\/\/rbrimport.com\/site\/wp-content\/uploads\/2024\/05\/logo-480x279.jpeg 480w\" sizes=\"(min-width: 0px) and (max-width: 480px) 480px, (min-width: 481px) 500px, 100vw\" \/><\/figure>\n\n\n\n<h2 class=\"wp-block-heading has-text-align-center\">Nosso site est\u00e1 em manuten\u00e7\u00e3o!<\/h2>\n","protected":false},"excerpt":{"rendered":"<p>Nosso site est\u00e1 em manuten\u00e7\u00e3o!<\/p>\n","protected":false},"author":1,"featured_media":0,"parent":0,"menu_order":0,"comment_status":"closed","ping_status":"open","template":"page-template-blank.php","meta":{"_et_pb_use_builder":"","_et_pb_old_content":"","_et_gb_content_width":"1080","footnotes":""},"_links":{"self":[{"href":"http:\/\/rbrimport.com\/site\/index.php?rest_route=\/wp\/v2\/pages\/2"}],"collection":[{"href":"http:\/\/rbrimport.com\/site\/index.php?rest_route=\/wp\/v2\/pages"}],"about":[{"href":"http:\/\/rbrimport.com\/site\/index.php?rest_route=\/wp\/v2\/types\/page"}],"author":[{"embeddable":true,"href":"http:\/\/rbrimport.com\/site\/index.php?rest_route=\/wp\/v2\/users\/1"}],"replies":[{"embeddable":true,"href":"http:\/\/rbrimport.com\/site\/index.php?rest_route=%2Fwp%2Fv2%2Fcomments&post=2"}],"version-history":[{"count":3,"href":"http:\/\/rbrimport.com\/site\/index.php?rest_route=\/wp\/v2\/pages\/2\/revisions"}],"predecessor-version":[{"id":234,"href":"http:\/\/rbrimport.com\/site\/index.php?rest_route=\/wp\/v2\/pages\/2\/revisions\/234"}],"wp:attachment":[{"href":"http:\/\/rbrimport.com\/site\/index.php?rest_route=%2Fwp%2Fv2%2Fmedia&parent=2"}],"curies":[{"name":"wp","href":"https:\/\/api.w.org\/{rel}","templated":true}]}}